{"id":699,"date":"2024-08-30T05:30:56","date_gmt":"2024-08-30T05:30:56","guid":{"rendered":"https:\/\/theblackmoon.cl\/?post_type=product&#038;p=699"},"modified":"2024-08-30T05:34:28","modified_gmt":"2024-08-30T05:34:28","slug":"anillo-jack-skellington-gotico","status":"publish","type":"product","link":"https:\/\/theblackmoon.cl\/index.php\/product\/anillo-jack-skellington-gotico\/","title":{"rendered":"Anillo Jack Skellington g\u00f3tico"},"content":{"rendered":"<p>Anillo Jack Skellington g\u00f3tico<\/p>\n<p>La imagen muestra unos Aros con un dise\u00f1o distintivo de Jack Skellington, el ic\u00f3nico personaje de \u00abThe Nightmare Before Christmas\u00bb. El colgante en forma de calavera con los caracter\u00edsticos rasgos de Jack Skellington, como los ojos vac\u00edos y la sonrisa estilizada, se destaca en el centro de la imagen.<\/p>\n<ul>\n<li>La calavera est\u00e1 decorada con numerosas piedras brillantes que le dan un aspecto elegante y llamativo.<\/li>\n<li>El anillo est\u00e1 compuesto por una cadena met\u00e1lica delgada de color plateado que sostiene el colgante de Jack Skellington.<\/li>\n<li>La cadena presenta eslabones peque\u00f1os y uniformes que le dan un aspecto delicado pero resistente.<\/li>\n<\/ul>\n<p>El dise\u00f1o del anillo es una combinaci\u00f3n entre lo oscuro y lo elegante, capturando la esencia del personaje de Jack Skellington. La artesan\u00eda parece ser fina y detallada, con especial atenci\u00f3n a la representaci\u00f3n de los rasgos distintivos del personaje.<\/p>\n<p>El contraste entre el fondo oscuro y los elementos brillantes del anillo resalta su atractivo visual y lo hace ideal para los amantes de la pel\u00edcula \u00abThe Nightmare Before Christmas\u00bb y del estilo \u00fanico de Jack Skellington.<\/p>\n<p>Adem\u00e1s puedes revisar nuestra tienda en donde pudras encontrar el conjunto para esta pieza, que esta compuesta por anillos en diferentes modelos y adem\u00e1s en pendientes o aros y colgante, as\u00ed lucir el look completo de Jack<\/p>\n<p>&nbsp;<\/p>\n<p>El dise\u00f1o del anillo es una combinaci\u00f3n entre lo oscuro y lo elegante, capturando la esencia del personaje de Jack Skellington. La artesan\u00eda parece ser fina y detallada, con especial atenci\u00f3n a la representaci\u00f3n de los rasgos distintivos del personaje.<\/p>\n<p>&nbsp;<\/p>\n<h5>Puedes visitarnos en nuestra tienda en Instagram <a href=\"https:\/\/www.instagram.com\/theblackmoonsanjose\/\">https:\/\/www.instagram.com\/theblackmoonsanjose\/<\/a><\/h5>\n<p>Te dejamos el enlace de este producto anillo brillante Jack Skellington g\u00f3tico para que los puedas compartir<a href=\"https:\/\/apoyostva.cl\/index.php\/product\/anillo-jack-skellington-gotico\/\">https:\/\/apoyostva.cl\/index.php\/product\/anillo-jack-skellington-gotico\/<\/a><\/p>\n","protected":false},"excerpt":{"rendered":"<p>Anillo Jack Skellington g\u00f3tico, con un hermoso dise\u00f1o en brillante y en diferentes n\u00fameros, para que lo puedas lucir en tus manos<\/p>\n","protected":false},"featured_media":291,"comment_status":"open","ping_status":"closed","template":"","meta":{"_acf_changed":false},"product_brand":[],"product_cat":[32,34],"product_tag":[46,48],"class_list":{"0":"post-699","1":"product","2":"type-product","3":"status-publish","4":"has-post-thumbnail","6":"product_cat-anillos","7":"product_cat-jack-skellingtoon","8":"product_tag-gptico","9":"product_tag-jack-skellington","11":"first","12":"instock","13":"shipping-taxable","14":"purchasable","15":"product-type-simple"},"acf":[],"yoast_head":"<!-- This site is optimized with the Yoast SEO Premium plugin v22.0 (Yoast SEO v26.9) - https:\/\/yoast.com\/product\/yoast-seo-premium-wordpress\/ -->\n<title>Anillo Jack Skellington g\u00f3tico<\/title>\n<meta name=\"description\" content=\"Anillo Jack Skellington g\u00f3tico, con un hermoso dise\u00f1o en brillante y en diferentes n\u00fameros, para que lo puedas lucir en tus manos\" \/>\n<meta name=\"robots\" content=\"index, follow, max-snippet:-1, max-image-preview:large, max-video-preview:-1\" \/>\n<link rel=\"canonical\" href=\"https:\/\/theblackmoon.cl\/index.php\/product\/anillo-jack-skellington-gotico\/\" \/>\n<meta property=\"og:locale\" content=\"es_ES\" \/>\n<meta property=\"og:type\" content=\"article\" \/>\n<meta property=\"og:title\" content=\"Anillo Jack Skellington g\u00f3tico\" \/>\n<meta property=\"og:description\" content=\"Anillo Jack Skellington g\u00f3tico, con un hermoso dise\u00f1o en brillante y en diferentes n\u00fameros, para que lo puedas lucir en tus manos\" \/>\n<meta property=\"og:url\" content=\"https:\/\/theblackmoon.cl\/index.php\/product\/anillo-jack-skellington-gotico\/\" \/>\n<meta property=\"og:site_name\" content=\"Tienda Gotica\" \/>\n<meta property=\"article:modified_time\" content=\"2024-08-30T05:34:28+00:00\" \/>\n<meta property=\"og:image\" content=\"https:\/\/theblackmoon.cl\/wp-content\/uploads\/2020\/09\/anillo-jack-2.jpg\" \/>\n\t<meta property=\"og:image:width\" content=\"706\" \/>\n\t<meta property=\"og:image:height\" content=\"674\" \/>\n\t<meta property=\"og:image:type\" content=\"image\/jpeg\" \/>\n<meta name=\"twitter:card\" content=\"summary_large_image\" \/>\n<meta name=\"twitter:label1\" content=\"Precio\" \/>\n\t<meta name=\"twitter:data1\" content=\"&#036;5.990\" \/>\n\t<meta name=\"twitter:label2\" content=\"Disponibilidad\" \/>\n\t<meta name=\"twitter:data2\" content=\"Disponible\" \/>\n<script type=\"application\/ld+json\" class=\"yoast-schema-graph\">{\"@context\":\"https:\/\/schema.org\",\"@graph\":[{\"@type\":\"WebPage\",\"@id\":\"https:\/\/theblackmoon.cl\/index.php\/product\/anillo-jack-skellington-gotico\/\",\"url\":\"https:\/\/theblackmoon.cl\/index.php\/product\/anillo-jack-skellington-gotico\/\",\"name\":\"Anillo Jack Skellington g\u00f3tico\",\"isPartOf\":{\"@id\":\"https:\/\/theblackmoon.cl\/#website\"},\"primaryImageOfPage\":{\"@id\":\"https:\/\/theblackmoon.cl\/index.php\/product\/anillo-jack-skellington-gotico\/#primaryimage\"},\"image\":{\"@id\":\"https:\/\/theblackmoon.cl\/index.php\/product\/anillo-jack-skellington-gotico\/#primaryimage\"},\"thumbnailUrl\":\"https:\/\/theblackmoon.cl\/wp-content\/uploads\/2020\/09\/anillo-jack-2.jpg\",\"datePublished\":\"2024-08-30T05:30:56+00:00\",\"dateModified\":\"2024-08-30T05:34:28+00:00\",\"description\":\"Anillo Jack Skellington g\u00f3tico, con un hermoso dise\u00f1o en brillante y en diferentes n\u00fameros, para que lo puedas lucir en tus manos\",\"breadcrumb\":{\"@id\":\"https:\/\/theblackmoon.cl\/index.php\/product\/anillo-jack-skellington-gotico\/#breadcrumb\"},\"inLanguage\":\"es\",\"potentialAction\":[{\"@type\":\"ReadAction\",\"target\":[\"https:\/\/theblackmoon.cl\/index.php\/product\/anillo-jack-skellington-gotico\/\"]}]},{\"@type\":\"ImageObject\",\"inLanguage\":\"es\",\"@id\":\"https:\/\/theblackmoon.cl\/index.php\/product\/anillo-jack-skellington-gotico\/#primaryimage\",\"url\":\"https:\/\/theblackmoon.cl\/wp-content\/uploads\/2020\/09\/anillo-jack-2.jpg\",\"contentUrl\":\"https:\/\/theblackmoon.cl\/wp-content\/uploads\/2020\/09\/anillo-jack-2.jpg\",\"width\":706,\"height\":674,\"caption\":\"anillo jack skellington g\u00f3tico\"},{\"@type\":\"BreadcrumbList\",\"@id\":\"https:\/\/theblackmoon.cl\/index.php\/product\/anillo-jack-skellington-gotico\/#breadcrumb\",\"itemListElement\":[{\"@type\":\"ListItem\",\"position\":1,\"name\":\"Portada\",\"item\":\"https:\/\/theblackmoon.cl\/\"},{\"@type\":\"ListItem\",\"position\":2,\"name\":\"Shop\",\"item\":\"https:\/\/theblackmoon.cl\/index.php\/shop\/\"},{\"@type\":\"ListItem\",\"position\":3,\"name\":\"Anillo Jack Skellington g\u00f3tico\"}]},{\"@type\":\"WebSite\",\"@id\":\"https:\/\/theblackmoon.cl\/#website\",\"url\":\"https:\/\/theblackmoon.cl\/\",\"name\":\"Tienda Gotica\",\"description\":\"Tienda g\u00f3tica, calaveras, ropa y accesorios g\u00f3tico\",\"alternateName\":\"Tienda g\u00f3tica, calaveras, ropa y accesorios g\u00f3tico\",\"potentialAction\":[{\"@type\":\"SearchAction\",\"target\":{\"@type\":\"EntryPoint\",\"urlTemplate\":\"https:\/\/theblackmoon.cl\/?s={search_term_string}\"},\"query-input\":{\"@type\":\"PropertyValueSpecification\",\"valueRequired\":true,\"valueName\":\"search_term_string\"}}],\"inLanguage\":\"es\"}]}<\/script>\n<meta property=\"product:price:amount\" content=\"5990\" \/>\n<meta property=\"product:price:currency\" content=\"CLP\" \/>\n<meta property=\"og:availability\" content=\"instock\" \/>\n<meta property=\"product:availability\" content=\"instock\" \/>\n<meta property=\"product:retailer_item_id\" content=\"3616398486394-9-1-2-1\" \/>\n<meta property=\"product:condition\" content=\"new\" \/>\n<!-- \/ Yoast SEO Premium plugin. -->","yoast_head_json":{"title":"Anillo Jack Skellington g\u00f3tico","description":"Anillo Jack Skellington g\u00f3tico, con un hermoso dise\u00f1o en brillante y en diferentes n\u00fameros, para que lo puedas lucir en tus manos","robots":{"index":"index","follow":"follow","max-snippet":"max-snippet:-1","max-image-preview":"max-image-preview:large","max-video-preview":"max-video-preview:-1"},"canonical":"https:\/\/theblackmoon.cl\/index.php\/product\/anillo-jack-skellington-gotico\/","og_locale":"es_ES","og_type":"article","og_title":"Anillo Jack Skellington g\u00f3tico","og_description":"Anillo Jack Skellington g\u00f3tico, con un hermoso dise\u00f1o en brillante y en diferentes n\u00fameros, para que lo puedas lucir en tus manos","og_url":"https:\/\/theblackmoon.cl\/index.php\/product\/anillo-jack-skellington-gotico\/","og_site_name":"Tienda Gotica","article_modified_time":"2024-08-30T05:34:28+00:00","og_image":[{"width":706,"height":674,"url":"https:\/\/theblackmoon.cl\/wp-content\/uploads\/2020\/09\/anillo-jack-2.jpg","type":"image\/jpeg"}],"twitter_card":"summary_large_image","twitter_misc":{"Precio":"&#36;5.990","Disponibilidad":"Disponible"},"schema":{"@context":"https:\/\/schema.org","@graph":[{"@type":"WebPage","@id":"https:\/\/theblackmoon.cl\/index.php\/product\/anillo-jack-skellington-gotico\/","url":"https:\/\/theblackmoon.cl\/index.php\/product\/anillo-jack-skellington-gotico\/","name":"Anillo Jack Skellington g\u00f3tico","isPartOf":{"@id":"https:\/\/theblackmoon.cl\/#website"},"primaryImageOfPage":{"@id":"https:\/\/theblackmoon.cl\/index.php\/product\/anillo-jack-skellington-gotico\/#primaryimage"},"image":{"@id":"https:\/\/theblackmoon.cl\/index.php\/product\/anillo-jack-skellington-gotico\/#primaryimage"},"thumbnailUrl":"https:\/\/theblackmoon.cl\/wp-content\/uploads\/2020\/09\/anillo-jack-2.jpg","datePublished":"2024-08-30T05:30:56+00:00","dateModified":"2024-08-30T05:34:28+00:00","description":"Anillo Jack Skellington g\u00f3tico, con un hermoso dise\u00f1o en brillante y en diferentes n\u00fameros, para que lo puedas lucir en tus manos","breadcrumb":{"@id":"https:\/\/theblackmoon.cl\/index.php\/product\/anillo-jack-skellington-gotico\/#breadcrumb"},"inLanguage":"es","potentialAction":[{"@type":"ReadAction","target":["https:\/\/theblackmoon.cl\/index.php\/product\/anillo-jack-skellington-gotico\/"]}]},{"@type":"ImageObject","inLanguage":"es","@id":"https:\/\/theblackmoon.cl\/index.php\/product\/anillo-jack-skellington-gotico\/#primaryimage","url":"https:\/\/theblackmoon.cl\/wp-content\/uploads\/2020\/09\/anillo-jack-2.jpg","contentUrl":"https:\/\/theblackmoon.cl\/wp-content\/uploads\/2020\/09\/anillo-jack-2.jpg","width":706,"height":674,"caption":"anillo jack skellington g\u00f3tico"},{"@type":"BreadcrumbList","@id":"https:\/\/theblackmoon.cl\/index.php\/product\/anillo-jack-skellington-gotico\/#breadcrumb","itemListElement":[{"@type":"ListItem","position":1,"name":"Portada","item":"https:\/\/theblackmoon.cl\/"},{"@type":"ListItem","position":2,"name":"Shop","item":"https:\/\/theblackmoon.cl\/index.php\/shop\/"},{"@type":"ListItem","position":3,"name":"Anillo Jack Skellington g\u00f3tico"}]},{"@type":"WebSite","@id":"https:\/\/theblackmoon.cl\/#website","url":"https:\/\/theblackmoon.cl\/","name":"Tienda Gotica","description":"Tienda g\u00f3tica, calaveras, ropa y accesorios g\u00f3tico","alternateName":"Tienda g\u00f3tica, calaveras, ropa y accesorios g\u00f3tico","potentialAction":[{"@type":"SearchAction","target":{"@type":"EntryPoint","urlTemplate":"https:\/\/theblackmoon.cl\/?s={search_term_string}"},"query-input":{"@type":"PropertyValueSpecification","valueRequired":true,"valueName":"search_term_string"}}],"inLanguage":"es"}]},"product_price_amount":"5990","product_price_currency":"CLP","og_availability":"instock","product_availability":"instock","product_retailer_item_id":"3616398486394-9-1-2-1","product_condition":"new"},"_links":{"self":[{"href":"https:\/\/theblackmoon.cl\/index.php\/wp-json\/wp\/v2\/product\/699","targetHints":{"allow":["GET"]}}],"collection":[{"href":"https:\/\/theblackmoon.cl\/index.php\/wp-json\/wp\/v2\/product"}],"about":[{"href":"https:\/\/theblackmoon.cl\/index.php\/wp-json\/wp\/v2\/types\/product"}],"replies":[{"embeddable":true,"href":"https:\/\/theblackmoon.cl\/index.php\/wp-json\/wp\/v2\/comments?post=699"}],"wp:featuredmedia":[{"embeddable":true,"href":"https:\/\/theblackmoon.cl\/index.php\/wp-json\/wp\/v2\/media\/291"}],"wp:attachment":[{"href":"https:\/\/theblackmoon.cl\/index.php\/wp-json\/wp\/v2\/media?parent=699"}],"wp:term":[{"taxonomy":"product_brand","embeddable":true,"href":"https:\/\/theblackmoon.cl\/index.php\/wp-json\/wp\/v2\/product_brand?post=699"},{"taxonomy":"product_cat","embeddable":true,"href":"https:\/\/theblackmoon.cl\/index.php\/wp-json\/wp\/v2\/product_cat?post=699"},{"taxonomy":"product_tag","embeddable":true,"href":"https:\/\/theblackmoon.cl\/index.php\/wp-json\/wp\/v2\/product_tag?post=699"}],"curies":[{"name":"wp","href":"https:\/\/api.w.org\/{rel}","templated":true}]}}